{"id":294,"date":"2023-06-05T10:10:45","date_gmt":"2023-06-05T08:10:45","guid":{"rendered":"https:\/\/pepa.filaso.cz\/?page_id=17"},"modified":"2026-04-22T22:31:30","modified_gmt":"2026-04-22T20:31:30","slug":"svaz-ceskych-filatelistu","status":"publish","type":"page","link":"https:\/\/svazfilatelistu.cz\/","title":{"rendered":"Svaz \u010desk\u00fdch filatelist\u016f"},"content":{"rendered":"\n<p>Svaz \u010desk\u00fdch filatelist\u016f je zapsan\u00fdm spolkem sdru\u017euj\u00edc\u00edm filatelisty v cel\u00e9 \u010cesk\u00e9 republice ve v\u00edce ne\u017e 200 klubech filatelist\u016f, specializovan\u00fdch odborn\u00fdch spole\u010dnostech, komis\u00edch a rovn\u011b\u017e v krou\u017ec\u00edch mlad\u00fdch filatelist\u016f. Svaz \u010desk\u00fdch filatelist\u016f je zakl\u00e1daj\u00edc\u00edm \u010dlenem Mezin\u00e1rodn\u00ed filatelistick\u00e9 federace <a href=\"https:\/\/www.f-i-p.ch\/\" target=\"_blank\" rel=\"noreferrer noopener\">FIP<\/a> i Federace evropsk\u00fdch filatelistick\u00fdch asociac\u00ed <a href=\"https:\/\/fepanews.com\/\" target=\"_blank\" rel=\"noreferrer noopener\">FEPA<\/a>.<\/p>\n\n\n\n<h2 class=\"wp-block-heading has-text-align-center\"><strong>V\u00fdhody \u010dlenstv\u00ed ve Svazu \u010desk\u00fdch filatelist\u016f: <\/strong><\/h2>\n\n\n\n<ul class=\"wp-block-list\">\n<li>D\u00edky \u010dlenstv\u00ed ve Svazu se m\u016f\u017eete zapojit do spole\u010densk\u00e9ho klubov\u00e9ho \u017eivota, z\u00edsk\u00e1te informace o v\u00fdm\u011bnn\u00fdch sch\u016fzk\u00e1ch a burz\u00e1ch, p\u0159edn\u00e1\u0161k\u00e1ch a kontakty na sb\u011bratele s Va\u0161im u\u017e\u0161\u00edm filatelistick\u00fdm z\u00e1jmem.<\/li>\n\n\n\n<li>Zast\u0159e\u0161uje odborn\u00e9 spole\u010dnosti zab\u00fdvaj\u00edc\u00ed se ur\u010dit\u00fdm sb\u011bratelsk\u00fdm oborem filatelie, kde naleznete dal\u0161\u00ed z\u00e1jemece o dan\u00fd obor a m\u00e1te mo\u017enost vz\u00e1jemn\u011b sd\u00edlet sv\u00e9 poznatky a informace.<\/li>\n\n\n\n<li>Svaz \u010desk\u00fdch filatelist\u016f vlastn\u00ed nejv\u011bt\u0161\u00ed filatelistickou knihovnu v \u010cesk\u00e9 republice. Jednotliv\u00e9 tituly je mo\u017en\u00e9 si zap\u016fj\u010dit.<\/li>\n\n\n\n<li>Svaz \u010desk\u00fdch filatelist\u016f za\u0161ti\u0165uje Komisi znalc\u016f, kde lze z\u00edskat rady od zku\u0161en\u00fdch filatelist\u016f a nechat si odzkou\u0161et pravost sv\u00fdch po\u0161tovn\u00edch zn\u00e1mek. <\/li>\n\n\n\n<li>Poskytuje poradentskou slu\u017ebu na akc\u00edch typu &#8222;Sb\u011bratel&#8220; a celkov\u011b propaguje filatelii.  <\/li>\n\n\n\n<li>\u010clenov\u00e9 ka\u017edoro\u010dn\u011b obdr\u017e\u00ed \u010dlensk\u00e9 bonusy v podob\u011b pr\u00e9miov\u00e9ho tisku a pozv\u00e1nky do Po\u0161tovn\u00edho muzea \u010cesk\u00e9 po\u0161ty, s.p.<\/li>\n<\/ul>\n\n\n\n<h2 class=\"wp-block-heading has-text-align-center\"><strong><a href=\"https:\/\/svazfilatelistu.cz\/?page_id=1326\">Dotazn\u00edk k vystavov\u00e1n\u00ed<\/a><\/strong><\/h2>\n\n\n\n<p>Dotazn\u00edk pro st\u00e1vaj\u00edc\u00ed vystavovatele i pro ty, kte\u0159\u00ed o \u00fa\u010dasti na v\u00fdstav\u011b teprve p\u0159em\u00fd\u0161l\u00ed. Dotazn\u00edk si klade za c\u00edl zjistit z\u00e1jem \u010dlen\u016f o odborn\u00e9 semin\u00e1\u0159e t\u00fdkaj\u00edc\u00edch se v\u00fdstavn\u00ed \u010dinnosti. C\u00edlem t\u011bchto semin\u00e1\u0159\u016f by m\u011blo b\u00fdt podn\u00edcen\u00ed tvorby nov\u00fdch expon\u00e1t\u016f od sb\u011bratel\u016f, kte\u0159\u00ed dosud s vystaven\u00edm v\u00e1hali a prakticky nev\u011bd\u011bli, jak za\u010d\u00edt. Z\u00e1rove\u0148 by m\u011bl zku\u0161en\u011bj\u0161\u00edm vystavovatel\u016fm uk\u00e1zat, jak je mo\u017en\u00e9 postupn\u011b zlep\u0161ovat kvalitu a t\u00edm i ocen\u011bn\u00ed jejich expon\u00e1t\u016f. <a href=\"https:\/\/svazfilatelistu.cz\/?page_id=1326\">Zapojte se i vy a sd\u011blte n\u00e1m sv\u016fj n\u00e1zor<\/a>.<\/p>\n\n\n\n<h2 class=\"wp-block-heading has-text-align-center\"><strong>P\u0159ihl\u00e1\u0161ka do S\u010cF:<\/strong><\/h2>\n\n\n\n<p>P\u0159ihl\u00e1sit se za \u010dlena S\u010cF m\u016f\u017eete prost\u0159ednictv\u00edm jednotliv\u00fdch klub\u016f nebo odborn\u00fdch spole\u010dnost\u00ed nebo rovn\u011b\u017e p\u0159\u00edmo prost\u0159ednictv\u00edm sekretari\u00e1tu.<\/p>\n\n\n\n<div class=\"wp-block-file\"><a id=\"wp-block-file--media-95c0a7db-9532-4091-9368-d32841abb12c\" href=\"https:\/\/svazfilatelistu.cz\/wp-content\/uploads\/2026\/02\/prihlaska.docx\" target=\"_blank\" rel=\"noreferrer noopener\">P\u0159ihl\u00e1\u0161ka do S\u010cF (k vypln\u011bn\u00ed &#8211; dokument Word)<\/a><a href=\"https:\/\/svazfilatelistu.cz\/wp-content\/uploads\/2026\/02\/prihlaska.docx\" class=\"wp-block-file__button wp-element-button\" download aria-describedby=\"wp-block-file--media-95c0a7db-9532-4091-9368-d32841abb12c\">St\u00e1hnout<\/a><\/div>\n\n\n\n<div class=\"wp-block-file\"><a id=\"wp-block-file--media-60e6d950-a9b9-4cea-a353-77cba7946f1a\" href=\"https:\/\/svazfilatelistu.cz\/wp-content\/uploads\/2026\/02\/prihlaska.pdf\" target=\"_blank\" rel=\"noreferrer noopener\">P\u0159ihl\u00e1\u0161ka do S\u010cF (k vyti\u0161t\u011bn\u00ed &#8211; dokument ve form\u00e1tu pdf)<\/a><a href=\"https:\/\/svazfilatelistu.cz\/wp-content\/uploads\/2026\/02\/prihlaska.pdf\" class=\"wp-block-file__button wp-element-button\" download aria-describedby=\"wp-block-file--media-60e6d950-a9b9-4cea-a353-77cba7946f1a\">St\u00e1hnout<\/a><\/div>\n\n\n\n<p><\/p>\n\n\n\n<p><\/p>\n","protected":false},"excerpt":{"rendered":"<p>Svaz \u010desk\u00fdch filatelist\u016f je zapsan\u00fdm spolkem sdru\u017euj\u00edc\u00edm filatelisty v cel\u00e9 \u010cesk\u00e9 republice ve v\u00edce ne\u017e 200 klubech filatelist\u016f, specializovan\u00fdch odborn\u00fdch spole\u010dnostech, komis\u00edch a rovn\u011b\u017e v krou\u017ec\u00edch mlad\u00fdch filatelist\u016f. Svaz \u010desk\u00fdch filatelist\u016f je zakl\u00e1daj\u00edc\u00edm \u010dlenem Mezin\u00e1rodn\u00ed filatelistick\u00e9 federace FIP i Federace evropsk\u00fdch filatelistick\u00fdch asociac\u00ed FEPA. V\u00fdhody \u010dlenstv\u00ed ve Svazu \u010desk\u00fdch filatelist\u016f: Dotazn\u00edk k vystavov\u00e1n\u00ed Dotazn\u00edk pro st\u00e1vaj\u00edc\u00ed vystavovatele i pro ty, kte\u0159\u00ed o \u00fa\u010dasti na v\u00fdstav\u011b teprve p\u0159em\u00fd\u0161l\u00ed. Dotazn\u00edk si klade za c\u00edl zjistit z\u00e1jem \u010dlen\u016f o odborn\u00e9 semin\u00e1\u0159e t\u00fdkaj\u00edc\u00edch se v\u00fdstavn\u00ed \u010dinnosti. C\u00edlem t\u011bchto semin\u00e1\u0159\u016f by m\u011blo b\u00fdt podn\u00edcen\u00ed tvorby nov\u00fdch expon\u00e1t\u016f od sb\u011bratel\u016f, kte\u0159\u00ed dosud s vystaven\u00edm v\u00e1hali a prakticky nev\u011bd\u011bli, jak za\u010d\u00edt. Z\u00e1rove\u0148 by m\u011bl zku\u0161en\u011bj\u0161\u00edm vystavovatel\u016fm uk\u00e1zat, jak je mo\u017en\u00e9 postupn\u011b zlep\u0161ovat kvalitu a t\u00edm i ocen\u011bn\u00ed jejich expon\u00e1t\u016f. Zapojte se i vy a sd\u011blte n\u00e1m sv\u016fj n\u00e1zor. P\u0159ihl\u00e1\u0161ka do S\u010cF: P\u0159ihl\u00e1sit se za \u010dlena S\u010cF m\u016f\u017eete prost\u0159ednictv\u00edm jednotliv\u00fdch klub\u016f nebo odborn\u00fdch spole\u010dnost\u00ed nebo rovn\u011b\u017e p\u0159\u00edmo prost\u0159ednictv\u00edm sekretari\u00e1tu.<\/p>\n","protected":false},"author":3,"featured_media":0,"parent":0,"menu_order":0,"comment_status":"closed","ping_status":"closed","template":"","meta":{"footnotes":""},"class_list":["post-294","page","type-page","status-publish","hentry"],"_links":{"self":[{"href":"https:\/\/svazfilatelistu.cz\/index.php?rest_route=\/wp\/v2\/pages\/294","targetHints":{"allow":["GET"]}}],"collection":[{"href":"https:\/\/svazfilatelistu.cz\/index.php?rest_route=\/wp\/v2\/pages"}],"about":[{"href":"https:\/\/svazfilatelistu.cz\/index.php?rest_route=\/wp\/v2\/types\/page"}],"author":[{"embeddable":true,"href":"https:\/\/svazfilatelistu.cz\/index.php?rest_route=\/wp\/v2\/users\/3"}],"replies":[{"embeddable":true,"href":"https:\/\/svazfilatelistu.cz\/index.php?rest_route=%2Fwp%2Fv2%2Fcomments&post=294"}],"version-history":[{"count":48,"href":"https:\/\/svazfilatelistu.cz\/index.php?rest_route=\/wp\/v2\/pages\/294\/revisions"}],"predecessor-version":[{"id":1362,"href":"https:\/\/svazfilatelistu.cz\/index.php?rest_route=\/wp\/v2\/pages\/294\/revisions\/1362"}],"wp:attachment":[{"href":"https:\/\/svazfilatelistu.cz\/index.php?rest_route=%2Fwp%2Fv2%2Fmedia&parent=294"}],"curies":[{"name":"wp","href":"https:\/\/api.w.org\/{rel}","templated":true}]}}