{"id":416,"date":"2024-02-23T10:01:36","date_gmt":"2024-02-23T09:01:36","guid":{"rendered":"http:\/\/svazfilatelistu.cz\/?page_id=416"},"modified":"2025-01-07T23:01:17","modified_gmt":"2025-01-07T22:01:17","slug":"odborne-spolecnosti","status":"publish","type":"page","link":"https:\/\/svazfilatelistu.cz\/?page_id=416","title":{"rendered":"Odborn\u00e9 spole\u010dnosti"},"content":{"rendered":"\n<p><strong>Tradi\u010dn\u00ed filatelie (se vztahem ke zn\u00e1mk\u00e1m z \u010deskoslovensk\u00e9ho \u00fazem\u00ed):<\/strong><\/p>\n\n\n\n<ul class=\"wp-block-list\">\n<li><a href=\"https:\/\/svazfilatelistu.cz\/?page_id=219\" data-type=\"link\" data-id=\"https:\/\/svazfilatelistu.cz\/?page_id=219\">Spole\u010dnost sb\u011bratel\u016f \u010deskoslovensk\u00e9 zn\u00e1mky<\/a><\/li>\n\n\n\n<li><a href=\"https:\/\/svazfilatelistu.cz\/?page_id=223\">Spole\u010dnost sb\u011bratel\u016f knihtiskov\u00fdch vyd\u00e1n\u00ed \u010deskoslovensk\u00fdch zn\u00e1mek<\/a><\/li>\n\n\n\n<li><a href=\"https:\/\/svazfilatelistu.cz\/?page_id=217\">Spole\u010dnost sb\u011bratel\u016f perfin\u016f<\/a><\/li>\n\n\n\n<li><a href=\"https:\/\/svazfilatelistu.cz\/?page_id=225\">Odborn\u00e1 spole\u010dnost sb\u011bratel\u016f vlastn\u00edch zn\u00e1mek<\/a><\/li>\n<\/ul>\n\n\n\n<p><strong>Po\u0161tovn\u00ed historie: <\/strong><\/p>\n\n\n\n<ul class=\"wp-block-list\">\n<li><a href=\"https:\/\/svazfilatelistu.cz\/?page_id=504\">\u010ceskomoravsk\u00e1 spole\u010dnost pro po\u0161tovn\u00ed historii<\/a><\/li>\n<\/ul>\n\n\n\n<p><strong>Celiny:<\/strong><\/p>\n\n\n\n<ul class=\"wp-block-list\">\n<li><a href=\"https:\/\/svazfilatelistu.cz\/?page_id=509\">Spole\u010dnost sb\u011bratel\u016f celin<\/a><\/li>\n<\/ul>\n\n\n\n<p><strong>N\u00e1m\u011btov\u00e1 filatelie:<\/strong><\/p>\n\n\n\n<ul class=\"wp-block-list\">\n<li><a href=\"https:\/\/svazfilatelistu.cz\/?page_id=519\">Odborn\u00e1 spole\u010dnost KOSMOS<\/a><\/li>\n\n\n\n<li>\u010cesk\u00e1 pol\u00e1rn\u00ed sekce<\/li>\n\n\n\n<li><a href=\"https:\/\/svazfilatelistu.cz\/?page_id=515\">Odborn\u00e1 spole\u010dnost Fauna \u2013 Flora<\/a><\/li>\n\n\n\n<li><a href=\"https:\/\/svazfilatelistu.cz\/?page_id=529\">Olympsport<\/a><\/li>\n<\/ul>\n\n\n\n<p><strong>Dal\u0161\u00ed:<\/strong><\/p>\n\n\n\n<ul class=\"wp-block-list\">\n<li><a href=\"https:\/\/svazfilatelistu.cz\/?page_id=777\" data-type=\"page\" data-id=\"777\">Odborn\u00e1 spole\u010dnost filatelistick\u00fdch studi\u00ed<\/a><\/li>\n<\/ul>\n\n\n\n<p><\/p>\n","protected":false},"excerpt":{"rendered":"<p>Tradi\u010dn\u00ed filatelie (se vztahem ke zn\u00e1mk\u00e1m z \u010deskoslovensk\u00e9ho \u00fazem\u00ed): Po\u0161tovn\u00ed historie: Celiny: N\u00e1m\u011btov\u00e1 filatelie: Dal\u0161\u00ed:<\/p>\n","protected":false},"author":5,"featured_media":0,"parent":0,"menu_order":0,"comment_status":"closed","ping_status":"closed","template":"","meta":{"footnotes":""},"class_list":["post-416","page","type-page","status-publish","hentry"],"_links":{"self":[{"href":"https:\/\/svazfilatelistu.cz\/index.php?rest_route=\/wp\/v2\/pages\/416","targetHints":{"allow":["GET"]}}],"collection":[{"href":"https:\/\/svazfilatelistu.cz\/index.php?rest_route=\/wp\/v2\/pages"}],"about":[{"href":"https:\/\/svazfilatelistu.cz\/index.php?rest_route=\/wp\/v2\/types\/page"}],"author":[{"embeddable":true,"href":"https:\/\/svazfilatelistu.cz\/index.php?rest_route=\/wp\/v2\/users\/5"}],"replies":[{"embeddable":true,"href":"https:\/\/svazfilatelistu.cz\/index.php?rest_route=%2Fwp%2Fv2%2Fcomments&post=416"}],"version-history":[{"count":19,"href":"https:\/\/svazfilatelistu.cz\/index.php?rest_route=\/wp\/v2\/pages\/416\/revisions"}],"predecessor-version":[{"id":787,"href":"https:\/\/svazfilatelistu.cz\/index.php?rest_route=\/wp\/v2\/pages\/416\/revisions\/787"}],"wp:attachment":[{"href":"https:\/\/svazfilatelistu.cz\/index.php?rest_route=%2Fwp%2Fv2%2Fmedia&parent=416"}],"curies":[{"name":"wp","href":"https:\/\/api.w.org\/{rel}","templated":true}]}}