{"id":429,"date":"2024-02-23T11:39:29","date_gmt":"2024-02-23T10:39:29","guid":{"rendered":"http:\/\/svazfilatelistu.cz\/?page_id=429"},"modified":"2026-04-30T22:13:59","modified_gmt":"2026-04-30T20:13:59","slug":"prednasky","status":"publish","type":"page","link":"https:\/\/svazfilatelistu.cz\/?page_id=429","title":{"rendered":"P\u0159edn\u00e1\u0161ky"},"content":{"rendered":"\n<p>V r\u00e1mci sv\u00e9 \u010dinnosti zah\u00e1jil v z\u00e1\u0159\u00ed 2025 <strong>KF 00-15 Praha<\/strong> ji\u017e 46. p\u0159edn\u00e1\u0161kov\u00fd cyklus. Tyto klubov\u00e9 p\u0159edn\u00e1\u0161ky se konaj\u00ed v obdob\u00ed&nbsp;z\u00e1\u0159\u00ed \u2013 \u010derven v\u017edy prvn\u00ed \u010dtvrtek v m\u011bs\u00edci od 16.30 hodin. Nov\u011b se konaj\u00ed v budov\u011b <strong>M\u011bstsk\u00e9 knihovny v Praze, <strong>pobo\u010dka Sedmi\u010dka<\/strong><\/strong>, <strong>Tusarova 35, Praha 7. <\/strong><a href=\"https:\/\/www.kf0015.cz\/46-cyklus-prednasek\/\" target=\"_blank\" rel=\"noreferrer noopener\">Bli\u017e\u0161\u00ed informace naleznete na str\u00e1nk\u00e1ch po\u0159\u00e1daj\u00edc\u00edho KF 00-15.<\/a><\/p>\n\n\n\n<p><strong>7. 5. 2026<\/strong>\u00a0\u00a0\u00a0 Ing. Tom\u00e1\u0161 \u0160ilh\u00e1n: Holub\u00ed po\u0161ta<\/p>\n\n\n\n<p><strong>4. 6. 2026<\/strong>\u00a0\u00a0\u00a0 Ing. Lud\u011bk Jan\u016f: Otisky raz\u00edtkovac\u00edch stroj\u016f (4. \u010d\u00e1st) \u2013 otisky z \u00fazemn\u00edch celk\u016f<br>b\u00fdval\u00e9ho \u010ceskoslovenska z let 1938 \u2013 1945<\/p>\n\n\n\n<p><\/p>\n","protected":false},"excerpt":{"rendered":"<p>V r\u00e1mci sv\u00e9 \u010dinnosti zah\u00e1jil v z\u00e1\u0159\u00ed 2025 KF 00-15 Praha ji\u017e 46. p\u0159edn\u00e1\u0161kov\u00fd cyklus. Tyto klubov\u00e9 p\u0159edn\u00e1\u0161ky se konaj\u00ed v obdob\u00ed&nbsp;z\u00e1\u0159\u00ed \u2013 \u010derven v\u017edy prvn\u00ed \u010dtvrtek v m\u011bs\u00edci od 16.30 hodin. Nov\u011b se konaj\u00ed v budov\u011b M\u011bstsk\u00e9 knihovny v Praze, pobo\u010dka Sedmi\u010dka, Tusarova 35, Praha 7. Bli\u017e\u0161\u00ed informace naleznete na str\u00e1nk\u00e1ch po\u0159\u00e1daj\u00edc\u00edho KF 00-15. 7. 5. 2026\u00a0\u00a0\u00a0 Ing. Tom\u00e1\u0161 \u0160ilh\u00e1n: Holub\u00ed po\u0161ta 4. 6. 2026\u00a0\u00a0\u00a0 Ing. Lud\u011bk Jan\u016f: Otisky raz\u00edtkovac\u00edch stroj\u016f (4. \u010d\u00e1st) \u2013 otisky z \u00fazemn\u00edch celk\u016fb\u00fdval\u00e9ho \u010ceskoslovenska z let 1938 \u2013 1945<\/p>\n","protected":false},"author":5,"featured_media":0,"parent":0,"menu_order":0,"comment_status":"closed","ping_status":"closed","template":"","meta":{"footnotes":""},"class_list":["post-429","page","type-page","status-publish","hentry"],"_links":{"self":[{"href":"https:\/\/svazfilatelistu.cz\/index.php?rest_route=\/wp\/v2\/pages\/429","targetHints":{"allow":["GET"]}}],"collection":[{"href":"https:\/\/svazfilatelistu.cz\/index.php?rest_route=\/wp\/v2\/pages"}],"about":[{"href":"https:\/\/svazfilatelistu.cz\/index.php?rest_route=\/wp\/v2\/types\/page"}],"author":[{"embeddable":true,"href":"https:\/\/svazfilatelistu.cz\/index.php?rest_route=\/wp\/v2\/users\/5"}],"replies":[{"embeddable":true,"href":"https:\/\/svazfilatelistu.cz\/index.php?rest_route=%2Fwp%2Fv2%2Fcomments&post=429"}],"version-history":[{"count":19,"href":"https:\/\/svazfilatelistu.cz\/index.php?rest_route=\/wp\/v2\/pages\/429\/revisions"}],"predecessor-version":[{"id":1364,"href":"https:\/\/svazfilatelistu.cz\/index.php?rest_route=\/wp\/v2\/pages\/429\/revisions\/1364"}],"wp:attachment":[{"href":"https:\/\/svazfilatelistu.cz\/index.php?rest_route=%2Fwp%2Fv2%2Fmedia&parent=429"}],"curies":[{"name":"wp","href":"https:\/\/api.w.org\/{rel}","templated":true}]}}

Přednášky

<p>V rámci své činnosti zahájil v září 2025 <strong>KF 00-15 Praha</strong> již 46. přednáškový cyklus. Tyto klubové přednášky se konají v období&nbsp;září – červen vždy první čtvrtek v měsíci od 16.30 hodin. Nově se konají v budově <strong>Městské knihovny v Praze, <strong>pobočka Sedmička</strong></strong>, <strong>Tusarova 35, Praha 7. </strong><a href="https://www.kf0015.cz/46-cyklus-prednasek/" target="_blank" rel="noreferrer noopener">Bližší informace naleznete na stránkách pořádajícího KF 00-15.</a></p>



<p><strong>7. 5. 2026</strong>    Ing. Tomáš Šilhán: Holubí pošta</p>



<p><strong>4. 6. 2026</strong>    Ing. Luděk Janů: Otisky razítkovacích strojů (4. část) – otisky z územních celků<br>bývalého Československa z let 1938 – 1945</p>



<p></p>

<p>V rámci své činnosti zahájil v září 2025 KF 00-15 Praha již 46. přednáškový cyklus. Tyto klubové přednášky se konají v období&nbsp;září – červen vždy první čtvrtek v měsíci od 16.30 hodin. Nově se konají v budově Městské knihovny v Praze, pobočka Sedmička, Tusarova 35, Praha 7. Bližší informace naleznete na stránkách pořádajícího KF 00-15. 7. 5. 2026    Ing. Tomáš Šilhán: Holubí pošta 4. 6. 2026    Ing. Luděk Janů: Otisky razítkovacích strojů (4. část) – otisky z územních celkůbývalého Československa z let 1938 – 1945</p>
