{"id":529,"date":"2024-03-19T23:47:28","date_gmt":"2024-03-19T22:47:28","guid":{"rendered":"http:\/\/svazfilatelistu.cz\/?page_id=529"},"modified":"2024-03-19T23:48:18","modified_gmt":"2024-03-19T22:48:18","slug":"spolecnost-olympsport","status":"publish","type":"page","link":"https:\/\/svazfilatelistu.cz\/?page_id=529","title":{"rendered":"Spole\u010dnost OLYMPSPORT"},"content":{"rendered":"\n<p><strong>Webov\u00e9 str\u00e1nky:<\/strong> <a href=\"https:\/\/www.olymp-sport.cz\/\" target=\"_blank\" rel=\"noreferrer noopener\">www.olymp-sport.cz<\/a><\/p>\n\n\n\n<p>\u010cesk\u00e1 asociace pro olympijskou a sportovn\u00ed filatelii OLYMPSPORT byla zalo\u017eena v r. 1966 jako druh\u00e1 na sv\u011bt\u011b v tomto oboru sb\u011bratelstv\u00ed a od r. 2017 m\u00e1 status zapsan\u00e9ho spolku ve spolkov\u00e9m registru m\u011bstsk\u00e9ho soudu v Praze. Jako n\u00e1m\u011btov\u00e1 spole\u010dnost je stejn\u011b jako jin\u00e9 odborn\u00e9 spole\u010dnosti sou\u010d\u00e1st\u00ed Svazu \u010desk\u00fdch filatelist\u016f (S\u010cF) a je kolektivn\u00edm \u010dlenem \u010cesk\u00e9 olympijsk\u00e9 akademie. Sdru\u017euje z\u00e1jemce o olympijskou a sportovn\u00ed filatelii.<\/p>\n\n\n\n<p><\/p>\n","protected":false},"excerpt":{"rendered":"<p>Webov\u00e9 str\u00e1nky: www.olymp-sport.cz \u010cesk\u00e1 asociace pro olympijskou a sportovn\u00ed filatelii OLYMPSPORT byla zalo\u017eena v r. 1966 jako druh\u00e1 na sv\u011bt\u011b v tomto oboru sb\u011bratelstv\u00ed a od r. 2017 m\u00e1 status zapsan\u00e9ho spolku ve spolkov\u00e9m registru m\u011bstsk\u00e9ho soudu v Praze. Jako n\u00e1m\u011btov\u00e1 spole\u010dnost je stejn\u011b jako jin\u00e9 odborn\u00e9 spole\u010dnosti sou\u010d\u00e1st\u00ed Svazu \u010desk\u00fdch filatelist\u016f (S\u010cF) a je kolektivn\u00edm \u010dlenem \u010cesk\u00e9 olympijsk\u00e9 akademie. Sdru\u017euje z\u00e1jemce o olympijskou a sportovn\u00ed filatelii.<\/p>\n","protected":false},"author":1,"featured_media":0,"parent":0,"menu_order":0,"comment_status":"closed","ping_status":"closed","template":"","meta":{"footnotes":""},"class_list":["post-529","page","type-page","status-publish","hentry"],"_links":{"self":[{"href":"https:\/\/svazfilatelistu.cz\/index.php?rest_route=\/wp\/v2\/pages\/529","targetHints":{"allow":["GET"]}}],"collection":[{"href":"https:\/\/svazfilatelistu.cz\/index.php?rest_route=\/wp\/v2\/pages"}],"about":[{"href":"https:\/\/svazfilatelistu.cz\/index.php?rest_route=\/wp\/v2\/types\/page"}],"author":[{"embeddable":true,"href":"https:\/\/svazfilatelistu.cz\/index.php?rest_route=\/wp\/v2\/users\/1"}],"replies":[{"embeddable":true,"href":"https:\/\/svazfilatelistu.cz\/index.php?rest_route=%2Fwp%2Fv2%2Fcomments&post=529"}],"version-history":[{"count":1,"href":"https:\/\/svazfilatelistu.cz\/index.php?rest_route=\/wp\/v2\/pages\/529\/revisions"}],"predecessor-version":[{"id":530,"href":"https:\/\/svazfilatelistu.cz\/index.php?rest_route=\/wp\/v2\/pages\/529\/revisions\/530"}],"wp:attachment":[{"href":"https:\/\/svazfilatelistu.cz\/index.php?rest_route=%2Fwp%2Fv2%2Fmedia&parent=529"}],"curies":[{"name":"wp","href":"https:\/\/api.w.org\/{rel}","templated":true}]}}